{"id":119,"date":"2024-10-17T11:46:32","date_gmt":"2024-10-17T09:46:32","guid":{"rendered":"https:\/\/xn--jagdhtteschnenberg-n3b7i.ch\/cms\/?page_id=119"},"modified":"2025-09-25T11:20:59","modified_gmt":"2025-09-25T09:20:59","slug":"ausstattung","status":"publish","type":"page","link":"https:\/\/xn--jagdhtteschnenberg-n3b7i.ch\/cms\/ausstattung\/","title":{"rendered":"Ausstattung"},"content":{"rendered":"\t\t<div data-elementor-type=\"wp-page\" data-elementor-id=\"119\" class=\"elementor elementor-119\">\n\t\t\t\t<div class=\"elementor-element elementor-element-a3c0525 e-flex e-con-boxed e-con e-parent\" data-id=\"a3c0525\" data-element_type=\"container\">\n\t\t\t\t\t<div class=\"e-con-inner\">\n\t\t<div class=\"elementor-element elementor-element-50bb5da e-con-full e-flex e-con e-child\" data-id=\"50bb5da\" data-element_type=\"container\">\n\t\t\t\t<div class=\"elementor-element elementor-element-6fc661c elementor-widget elementor-widget-image\" data-id=\"6fc661c\" data-element_type=\"widget\" data-widget_type=\"image.default\">\n\t\t\t\t<div class=\"elementor-widget-container\">\n\t\t\t\t\t\t\t\t\t\t\t\t\t\t\t<img fetchpriority=\"high\" decoding=\"async\" width=\"960\" height=\"720\" src=\"https:\/\/xn--jagdhtteschnenberg-n3b7i.ch\/cms\/wp-content\/uploads\/2024\/10\/560994-IMG_1549.jpg\" class=\"attachment-large size-large wp-image-121\" alt=\"\" srcset=\"https:\/\/xn--jagdhtteschnenberg-n3b7i.ch\/cms\/wp-content\/uploads\/2024\/10\/560994-IMG_1549.jpg 960w, https:\/\/xn--jagdhtteschnenberg-n3b7i.ch\/cms\/wp-content\/uploads\/2024\/10\/560994-IMG_1549-300x225.jpg 300w, https:\/\/xn--jagdhtteschnenberg-n3b7i.ch\/cms\/wp-content\/uploads\/2024\/10\/560994-IMG_1549-768x576.jpg 768w\" sizes=\"(max-width: 960px) 100vw, 960px\" \/>\t\t\t\t\t\t\t\t\t\t\t\t\t\t\t<\/div>\n\t\t\t\t<\/div>\n\t\t\t\t<div class=\"elementor-element elementor-element-027a974 elementor-widget__width-initial elementor-widget elementor-widget-text-editor\" data-id=\"027a974\" data-element_type=\"widget\" data-widget_type=\"text-editor.default\">\n\t\t\t\t<div class=\"elementor-widget-container\">\n\t\t\t\t\t\t\t\t\t<div>In der Jagdh\u00fctte gibt es eine K\u00fcche mit:<\/div><div>&#8211; Geschirrsp\u00fchler<\/div><div>&#8211; K\u00fchlschrank f\u00fcr Lebensmittel<\/div><div>&#8211; zwei Gas-Kochfeldern<\/div><div>&#8211; komplettem\u00a0Geschirr f\u00fcr 60 Personen<\/div><div><div>\u00a0Teller, Suppenteller, Dessertteller, Kaffeetassen, Expressotassen,<\/div><div>\u00a0 Weissweingl\u00e4ser, Rotweingl\u00e4ser, Mineralgl\u00e4ser usw.<\/div><div>&#8211; Besteck<\/div><\/div>\t\t\t\t\t\t\t\t<\/div>\n\t\t\t\t<\/div>\n\t\t\t\t<\/div>\n\t\t<div class=\"elementor-element elementor-element-41905c5 e-con-full e-flex e-con e-child\" data-id=\"41905c5\" data-element_type=\"container\">\n\t\t\t\t<div class=\"elementor-element elementor-element-932ee2f elementor-widget elementor-widget-image\" data-id=\"932ee2f\" data-element_type=\"widget\" data-widget_type=\"image.default\">\n\t\t\t\t<div class=\"elementor-widget-container\">\n\t\t\t\t\t\t\t\t\t\t\t\t\t\t\t<img decoding=\"async\" width=\"768\" height=\"1024\" src=\"https:\/\/xn--jagdhtteschnenberg-n3b7i.ch\/cms\/wp-content\/uploads\/2024\/10\/546742-IMG_0992-768x1024.jpg\" class=\"attachment-large size-large wp-image-89\" alt=\"\" srcset=\"https:\/\/xn--jagdhtteschnenberg-n3b7i.ch\/cms\/wp-content\/uploads\/2024\/10\/546742-IMG_0992-768x1024.jpg 768w, https:\/\/xn--jagdhtteschnenberg-n3b7i.ch\/cms\/wp-content\/uploads\/2024\/10\/546742-IMG_0992-225x300.jpg 225w, https:\/\/xn--jagdhtteschnenberg-n3b7i.ch\/cms\/wp-content\/uploads\/2024\/10\/546742-IMG_0992-1152x1536.jpg 1152w, https:\/\/xn--jagdhtteschnenberg-n3b7i.ch\/cms\/wp-content\/uploads\/2024\/10\/546742-IMG_0992.jpg 1500w\" sizes=\"(max-width: 768px) 100vw, 768px\" \/>\t\t\t\t\t\t\t\t\t\t\t\t\t\t\t<\/div>\n\t\t\t\t<\/div>\n\t\t\t\t<div class=\"elementor-element elementor-element-669aaa3 elementor-widget__width-initial elementor-widget elementor-widget-text-editor\" data-id=\"669aaa3\" data-element_type=\"widget\" data-widget_type=\"text-editor.default\">\n\t\t\t\t<div class=\"elementor-widget-container\">\n\t\t\t\t\t\t\t\t\t<div class=\"freetextarea\"><div>desweiteren verf\u00fcgt sie \u00fcber<\/div><div>&#8211; ein Warmluftcheminee\u00a0<\/div><div>&#8211; einen Schwedenofen<\/div><div>&#8211; drei\u00a0K\u00fchlschr\u00e4nke f\u00fcr Getr\u00e4nke<\/div><div>&#8211; Parkpl\u00e4tze vor der H\u00fctte (Zufahrt gestattet)<\/div><div>&#8211; 10 Festbankgarnituren f\u00fcr draussen<\/div><div>&#8211; Toilette mit Sp\u00fclung und Waschbecken zum H\u00e4ndewaschen\u00a0<\/div><div>&#8211; diverse Fahrzeuge f\u00fcr Kinder ( Bobicar, Gocart, Trotti, Traktor)<\/div><div>&#8211; Rutschbahn f\u00fcr Kinder\u00a0<\/div><\/div>\t\t\t\t\t\t\t\t<\/div>\n\t\t\t\t<\/div>\n\t\t\t\t<\/div>\n\t\t<div class=\"elementor-element elementor-element-0c48ede e-con-full e-flex e-con e-child\" data-id=\"0c48ede\" data-element_type=\"container\">\n\t\t\t\t<div class=\"elementor-element elementor-element-25cf03a elementor-widget elementor-widget-image\" data-id=\"25cf03a\" data-element_type=\"widget\" data-widget_type=\"image.default\">\n\t\t\t\t<div class=\"elementor-widget-container\">\n\t\t\t\t\t\t\t\t\t\t\t\t\t\t\t<img decoding=\"async\" width=\"1000\" height=\"750\" src=\"https:\/\/xn--jagdhtteschnenberg-n3b7i.ch\/cms\/wp-content\/uploads\/2024\/10\/561147-smoker.jpg\" class=\"attachment-large size-large wp-image-94\" alt=\"\" srcset=\"https:\/\/xn--jagdhtteschnenberg-n3b7i.ch\/cms\/wp-content\/uploads\/2024\/10\/561147-smoker.jpg 1000w, https:\/\/xn--jagdhtteschnenberg-n3b7i.ch\/cms\/wp-content\/uploads\/2024\/10\/561147-smoker-300x225.jpg 300w, https:\/\/xn--jagdhtteschnenberg-n3b7i.ch\/cms\/wp-content\/uploads\/2024\/10\/561147-smoker-768x576.jpg 768w\" sizes=\"(max-width: 1000px) 100vw, 1000px\" \/>\t\t\t\t\t\t\t\t\t\t\t\t\t\t\t<\/div>\n\t\t\t\t<\/div>\n\t\t\t\t<div class=\"elementor-element elementor-element-2dc239e elementor-widget__width-initial elementor-widget elementor-widget-text-editor\" data-id=\"2dc239e\" data-element_type=\"widget\" data-widget_type=\"text-editor.default\">\n\t\t\t\t<div class=\"elementor-widget-container\">\n\t\t\t\t\t\t\t\t\t<div class=\"freetextarea\">&#8211; ein Oklahoma-Grill (Smoker)<br \/>&#8211; ein Weber Gas-Grill<br \/>&#8211; ein grosser Holzkohle-Grill<br \/>&#8211; ein Weber Kugel-Grill<br \/>&#8211; sowie zwei Feuerschalen<\/div>\t\t\t\t\t\t\t\t<\/div>\n\t\t\t\t<\/div>\n\t\t\t\t<\/div>\n\t\t<div class=\"elementor-element elementor-element-797f58a e-con-full e-flex e-con e-child\" data-id=\"797f58a\" data-element_type=\"container\">\n\t\t<div class=\"elementor-element elementor-element-23ad2d6 e-con-full e-flex e-con e-child\" data-id=\"23ad2d6\" data-element_type=\"container\">\n\t\t\t\t<div class=\"elementor-element elementor-element-b11d5c1 elementor-widget elementor-widget-image\" data-id=\"b11d5c1\" data-element_type=\"widget\" data-widget_type=\"image.default\">\n\t\t\t\t<div class=\"elementor-widget-container\">\n\t\t\t\t\t\t\t\t\t\t\t\t\t\t\t<img loading=\"lazy\" decoding=\"async\" width=\"640\" height=\"421\" src=\"https:\/\/xn--jagdhtteschnenberg-n3b7i.ch\/cms\/wp-content\/uploads\/2024\/10\/8151698-IMG_0964.jpg\" class=\"attachment-large size-large wp-image-93\" alt=\"\" srcset=\"https:\/\/xn--jagdhtteschnenberg-n3b7i.ch\/cms\/wp-content\/uploads\/2024\/10\/8151698-IMG_0964.jpg 640w, https:\/\/xn--jagdhtteschnenberg-n3b7i.ch\/cms\/wp-content\/uploads\/2024\/10\/8151698-IMG_0964-300x197.jpg 300w\" sizes=\"(max-width: 640px) 100vw, 640px\" \/>\t\t\t\t\t\t\t\t\t\t\t\t\t\t\t<\/div>\n\t\t\t\t<\/div>\n\t\t\t\t<div class=\"elementor-element elementor-element-3f2f4ef elementor-widget__width-initial elementor-widget elementor-widget-text-editor\" data-id=\"3f2f4ef\" data-element_type=\"widget\" data-widget_type=\"text-editor.default\">\n\t\t\t\t<div class=\"elementor-widget-container\">\n\t\t\t\t\t\t\t\t\t<div class=\"freetextarea\"><div class=\"diy-fi-caption diy-fi-caption-effect-0\"><div class=\"diy-fi-caption-text diy-fi-text-effect-0\"><div class=\"title-text\">Holzkohle-Grill<\/div><div class=\"description-text\">Die Holzkohle kann aus logistischen Gr\u00fcnden nicht zur Verf\u00fcgung gestellt werden.<\/div><\/div><\/div><\/div>\t\t\t\t\t\t\t\t<\/div>\n\t\t\t\t<\/div>\n\t\t\t\t<\/div>\n\t\t<div class=\"elementor-element elementor-element-249d682 e-con-full e-flex e-con e-child\" data-id=\"249d682\" data-element_type=\"container\">\n\t\t\t\t<div class=\"elementor-element elementor-element-275e1cb elementor-widget elementor-widget-image\" data-id=\"275e1cb\" data-element_type=\"widget\" data-widget_type=\"image.default\">\n\t\t\t\t<div class=\"elementor-widget-container\">\n\t\t\t\t\t\t\t\t\t\t\t\t\t\t\t<img loading=\"lazy\" decoding=\"async\" width=\"729\" height=\"630\" src=\"https:\/\/xn--jagdhtteschnenberg-n3b7i.ch\/cms\/wp-content\/uploads\/2024\/10\/10222220-fullsizeoutput_ea2-8f14e.jpeg\" class=\"attachment-large size-large wp-image-95\" alt=\"\" srcset=\"https:\/\/xn--jagdhtteschnenberg-n3b7i.ch\/cms\/wp-content\/uploads\/2024\/10\/10222220-fullsizeoutput_ea2-8f14e.jpeg 729w, https:\/\/xn--jagdhtteschnenberg-n3b7i.ch\/cms\/wp-content\/uploads\/2024\/10\/10222220-fullsizeoutput_ea2-8f14e-300x259.jpeg 300w\" sizes=\"(max-width: 729px) 100vw, 729px\" \/>\t\t\t\t\t\t\t\t\t\t\t\t\t\t\t<\/div>\n\t\t\t\t<\/div>\n\t\t\t\t<div class=\"elementor-element elementor-element-f02cc20 elementor-widget__width-initial elementor-widget elementor-widget-text-editor\" data-id=\"f02cc20\" data-element_type=\"widget\" data-widget_type=\"text-editor.default\">\n\t\t\t\t<div class=\"elementor-widget-container\">\n\t\t\t\t\t\t\t\t\t<div class=\"freetextarea\"><div class=\"diy-fi-caption diy-fi-caption-effect-0\"><div class=\"diy-fi-caption-text diy-fi-text-effect-0\"><div class=\"title-text\">Gas-Grill<\/div><div class=\"description-text\">Weber Gas-Grill <br \/>Das Gas ist vorhanden und inkl.<\/div><\/div><\/div><\/div>\t\t\t\t\t\t\t\t<\/div>\n\t\t\t\t<\/div>\n\t\t\t\t<\/div>\n\t\t\t\t<\/div>\n\t\t<div class=\"elementor-element elementor-element-afc4861 e-con-full e-flex e-con e-child\" data-id=\"afc4861\" data-element_type=\"container\">\n\t\t\t\t<div class=\"elementor-element elementor-element-98ac9a6 elementor-widget__width-initial elementor-widget elementor-widget-text-editor\" data-id=\"98ac9a6\" data-element_type=\"widget\" data-widget_type=\"text-editor.default\">\n\t\t\t\t<div class=\"elementor-widget-container\">\n\t\t\t\t\t\t\t\t\t<div class=\"freetextarea\"><div class=\"diy-fi-caption diy-fi-caption-effect-0\"><div class=\"diy-fi-caption-text diy-fi-text-effect-0\">Die Kerzenst\u00e4nder stehen zur Verf\u00fcgung. Kerzen sind nicht vorhanden.<\/div><\/div><\/div>\t\t\t\t\t\t\t\t<\/div>\n\t\t\t\t<\/div>\n\t\t\t\t<\/div>\n\t\t<div class=\"elementor-element elementor-element-d42c743 e-con-full e-flex e-con e-child\" data-id=\"d42c743\" data-element_type=\"container\">\n\t\t\t\t<div class=\"elementor-element elementor-element-3fac1fa elementor-widget elementor-widget-image\" data-id=\"3fac1fa\" data-element_type=\"widget\" data-widget_type=\"image.default\">\n\t\t\t\t<div class=\"elementor-widget-container\">\n\t\t\t\t\t\t\t\t\t\t\t\t\t\t\t<img loading=\"lazy\" decoding=\"async\" width=\"282\" height=\"300\" src=\"https:\/\/xn--jagdhtteschnenberg-n3b7i.ch\/cms\/wp-content\/uploads\/2024\/10\/10222271-feuerschale-fuego-e4da3-282x300.jpg\" class=\"attachment-medium size-medium wp-image-106\" alt=\"\" srcset=\"https:\/\/xn--jagdhtteschnenberg-n3b7i.ch\/cms\/wp-content\/uploads\/2024\/10\/10222271-feuerschale-fuego-e4da3-282x300.jpg 282w, https:\/\/xn--jagdhtteschnenberg-n3b7i.ch\/cms\/wp-content\/uploads\/2024\/10\/10222271-feuerschale-fuego-e4da3-768x816.jpg 768w, https:\/\/xn--jagdhtteschnenberg-n3b7i.ch\/cms\/wp-content\/uploads\/2024\/10\/10222271-feuerschale-fuego-e4da3.jpg 941w\" sizes=\"(max-width: 282px) 100vw, 282px\" \/>\t\t\t\t\t\t\t\t\t\t\t\t\t\t\t<\/div>\n\t\t\t\t<\/div>\n\t\t\t\t<div class=\"elementor-element elementor-element-556924c elementor-widget__width-initial elementor-widget elementor-widget-text-editor\" data-id=\"556924c\" data-element_type=\"widget\" data-widget_type=\"text-editor.default\">\n\t\t\t\t<div class=\"elementor-widget-container\">\n\t\t\t\t\t\t\t\t\t<div class=\"freetextarea\"><div class=\"diy-fi-caption diy-fi-caption-effect-0\"><div class=\"diy-fi-caption-text diy-fi-text-effect-0\" style=\"text-align: center;\">Es steht eine Feuerschalen zur Verf\u00fcgung.<\/div><\/div><\/div>\t\t\t\t\t\t\t\t<\/div>\n\t\t\t\t<\/div>\n\t\t\t\t<\/div>\n\t\t\t\t\t<\/div>\n\t\t\t\t<\/div>\n\t\t\t\t<\/div>\n\t\t","protected":false},"excerpt":{"rendered":"<p>In der Jagdh\u00fctte gibt es eine K\u00fcche mit:- Geschirrsp\u00fchler- K\u00fchlschrank f\u00fcr Lebensmittel- zwei Gas-Kochfeldern- komplettem\u00a0Geschirr f\u00fcr 60 Personen\u00a0Teller, Suppenteller, Dessertteller, Kaffeetassen, Expressotassen,\u00a0 Weissweingl\u00e4ser, Rotweingl\u00e4ser, Mineralgl\u00e4ser usw.- Besteck desweiteren verf\u00fcgt sie \u00fcber- ein Warmluftcheminee\u00a0&#8211; einen Schwedenofen- drei\u00a0K\u00fchlschr\u00e4nke f\u00fcr Getr\u00e4nke- Parkpl\u00e4tze vor der H\u00fctte (Zufahrt gestattet)- 10 Festbankgarnituren f\u00fcr draussen- Toilette mit Sp\u00fclung und Waschbecken zum H\u00e4ndewaschen\u00a0&#8211;&hellip;&nbsp;<a href=\"https:\/\/xn--jagdhtteschnenberg-n3b7i.ch\/cms\/ausstattung\/\" rel=\"bookmark\">Weiterlesen &raquo;<span class=\"screen-reader-text\">Ausstattung<\/span><\/a><\/p>\n","protected":false},"author":1,"featured_media":0,"parent":0,"menu_order":0,"comment_status":"closed","ping_status":"closed","template":"elementor_header_footer","meta":{"neve_meta_sidebar":"","neve_meta_container":"","neve_meta_enable_content_width":"","neve_meta_content_width":0,"neve_meta_title_alignment":"","neve_meta_author_avatar":"","neve_post_elements_order":"","neve_meta_disable_header":"","neve_meta_disable_footer":"","neve_meta_disable_title":"","footnotes":""},"class_list":["post-119","page","type-page","status-publish","hentry"],"_links":{"self":[{"href":"https:\/\/xn--jagdhtteschnenberg-n3b7i.ch\/cms\/wp-json\/wp\/v2\/pages\/119","targetHints":{"allow":["GET"]}}],"collection":[{"href":"https:\/\/xn--jagdhtteschnenberg-n3b7i.ch\/cms\/wp-json\/wp\/v2\/pages"}],"about":[{"href":"https:\/\/xn--jagdhtteschnenberg-n3b7i.ch\/cms\/wp-json\/wp\/v2\/types\/page"}],"author":[{"embeddable":true,"href":"https:\/\/xn--jagdhtteschnenberg-n3b7i.ch\/cms\/wp-json\/wp\/v2\/users\/1"}],"replies":[{"embeddable":true,"href":"https:\/\/xn--jagdhtteschnenberg-n3b7i.ch\/cms\/wp-json\/wp\/v2\/comments?post=119"}],"version-history":[{"count":7,"href":"https:\/\/xn--jagdhtteschnenberg-n3b7i.ch\/cms\/wp-json\/wp\/v2\/pages\/119\/revisions"}],"predecessor-version":[{"id":248,"href":"https:\/\/xn--jagdhtteschnenberg-n3b7i.ch\/cms\/wp-json\/wp\/v2\/pages\/119\/revisions\/248"}],"wp:attachment":[{"href":"https:\/\/xn--jagdhtteschnenberg-n3b7i.ch\/cms\/wp-json\/wp\/v2\/media?parent=119"}],"curies":[{"name":"wp","href":"https:\/\/api.w.org\/{rel}","templated":true}]}}